{"id":998,"date":"2017-01-16T01:47:16","date_gmt":"2017-01-16T00:47:16","guid":{"rendered":"http:\/\/annwigmore.fr\/vitaminncures\/lalimentation-vivante\/live-foods-lifestyle\/"},"modified":"2017-03-19T17:23:53","modified_gmt":"2017-03-19T16:23:53","slug":"live-foods-lifestyle","status":"publish","type":"page","link":"http:\/\/annwigmore.fr\/vitaminncures\/live-foods-lifestyle\/","title":{"rendered":"Live Foods Lifestyle"},"content":{"rendered":"<\/p>\n<h1 style=\"text-align: center;\">Living Foods Lifestyle (LFL) \u00ae<\/h1>\n<p style=\"text-align: justify;\">Le paragraphe suivant est tir\u00e9 d&rsquo;une lettre \u00e9crite par la Dr Ann Wigmore pour accueillir nos nouveaux \u00e9tudiants:<\/p>\n<p>&nbsp;<\/p>\n<p style=\"text-align: left;\"><em>\u00ab\u00a0Salutations cordiales \u00e0 nos \u00e9tudiants:<\/em><\/p>\n<p>&nbsp;<\/p>\n<p style=\"text-align: justify;\"><em>Bienvenue dans notre centre de r\u00e9tablissement de la sant\u00e9. Vous serez bient\u00f4t initi\u00e9 \u00e0 un nouveau style de vie, probablement tr\u00e8s diff\u00e9rent de ce que vous avez appris toute votre vie par vos anciens professeurs (famille, amis et m\u00e9decins). Il y a en fait, tant de notions diff\u00e9rentes de la sant\u00e9 que cela peut devenir tr\u00e8s confus \u00e0 certains moments. M\u00eame certains de mes pr\u00e9c\u00e9dents livres, comme \u00abWhy Suffer\u00bb (que j&rsquo;ai \u00e9crit il y a plus de 30 ans), peuvent conduire \u00e0 la confusion. \u00c0 cette \u00e9poque, j&rsquo;enseignais l&rsquo;utilisation de la nourriture \u00abcrue\u00bb (plut\u00f4t que \u00abvivante\u00bb), et je mettais l&rsquo;accent sur l&rsquo;utilisation de la chlorophylle de l&rsquo;herbe de bl\u00e9. En outre, le niveau de la maladie dans notre soci\u00e9t\u00e9 n&rsquo;\u00e9tait pas aussi mauvais qu\u2019il est maintenant. Depuis, les corps des gens sont devenus si \u00e9puis\u00e9s et pollu\u00e9s que j&rsquo;ai d\u00fb reformuler le programme, et je suis toujours en train d\u2019affiner le Life Foods Lifestyle (LFL) \u00ae.\u00a0\u00bb<\/em><\/p>\n<p>&nbsp;<\/p>\n<p style=\"text-align: left;\">&#8211; Dr Ann Wigmore, 1991<\/p>\n<p>&nbsp;<\/p>\n<p style=\"text-align: justify;\">Beaucoup d&rsquo;\u00e9tudiants, d\u00e8s leur premi\u00e8re rencontre avec notre mode de vie, demanderont du sel, du poivre, de l&rsquo;ail, des oignons, des herbes, du tamari, des levures nutritives, etc. D&rsquo;autres voudront un programme \u00ab\u00a0transitoire\u00a0\u00bb au Living Foods Lifestyle\u00ae. Aujourd&rsquo;hui, nous maintenons ses normes strictes et continuons \u00e0 offrir le Living Foods Lifestyle\u00ae tel qu&rsquo;il a \u00e9t\u00e9 intentionnellement con\u00e7u par la Dr Ann Wigmore.<\/p>\n<p>&nbsp;<\/p>\n<p style=\"text-align: justify;\">La mission d&rsquo;Ann Wigmore \u00e9tait de d\u00e9velopper et d&rsquo;initier les gens au Living Foods Lifestyle\u00ae. Aujourd&rsquo;hui, nous continuons de promouvoir la sant\u00e9 et de nous aligner sur les lois de la nature. Le Dr Ann a affirm\u00e9 la croyance d&rsquo;Hippocrates que la nourriture \u00e9tait notre m\u00e9decine, mais son mod\u00e8le de vie incluait plus que des nourritures riches en \u00e9l\u00e9ments nutritifs, riches en enzymes. Elle a con\u00e7u un programme complet pour b\u00e9n\u00e9ficier d\u2019une vie \u00e9nergique bas\u00e9e une consommation consciente, des moyens pour r\u00e9aliser l&rsquo;autosuffisance de nourriture et de sant\u00e9, une combinaison appropri\u00e9e d&rsquo;aliments, d\u2019exercices en douceur, de massage, de gymnastique, de spiritualit\u00e9. Un corps en \u00e9quilibre est un corps sain.<\/p>\n<p>&nbsp;<\/p>\n<p style=\"text-align: justify;\">Le Dr Ann savait qu&rsquo;il y aurait des efforts faits par d&rsquo;autres pour simplifier, modifier, d\u00e9former, diluer, commercialiser et mon\u00e9tiser son travail pr\u00e9cieux et r\u00e9volutionnaire, afin de prot\u00e9ger l&rsquo;int\u00e9grit\u00e9 et tous les composants qui composent son Living Foods Lifestyle\u00ae, Elle a d\u00e9pos\u00e9 le nom.<\/p>\n<p>&nbsp;<\/p>\n<p style=\"text-align: justify;\">Aujourd&rsquo;hui, vous verrez souvent les mots \u00abaliments vivants\u00bb utilis\u00e9 pour d\u00e9crire de nombreux produits ou des lieux. Cela atteste de l&rsquo;importance et du pouvoir continus du travail de Mme Ann. Nous sommes heureux de savoir que les \u00e9l\u00e9ments de Living Foods Lifestyle\u00ae sont promus par d&rsquo;autres, cependant, \u00e0 moins que vous ne viviez le mode de vie exactement comme le Dr Ann l&rsquo;a cr\u00e9\u00e9, ce n&rsquo;est pas Living Foods Lifestyle\u00ae. Ann Wigmore \u00e9tait ferme dans sa conviction que son programme pour la sant\u00e9 optimale et le bien-\u00eatre \u00e9tait un concept de vie total, pas un r\u00e9gime, pas la nourriture seule, pas une solution rapide, pas des traitements chers, des compl\u00e9ments alimentaires ou des potions.<\/p>\n<p>&nbsp;<\/p>\n<p style=\"text-align: justify;\">Ann Wigmore a enregistr\u00e9 le concept du Living Foods Lifestyle (LFL) \u00ae afin que la phrase repr\u00e9sente les enseignements sp\u00e9cifiques qu&rsquo;elle a d\u00e9velopp\u00e9s. Les directeurs de l&rsquo;Institut, en tant que gardiens de Living Foods Lifestyle\u00ae, ont reconnu que le maintien de cette marque \u00e9tait essentiel pour prot\u00e9ger l&rsquo;int\u00e9grit\u00e9 et l&rsquo;efficacit\u00e9 du travail d&rsquo;Ann Wigmore. Aujourd&rsquo;hui, \u00e0 l&rsquo;Institut de sant\u00e9 naturelle Ann Wigmore, nous continuons \u00e0 honorer et \u00e0 prot\u00e9ger les m\u00e9thodes et le programme complet du Dr Ann. Parce que le nom Living Foods Lifestyle\u00ae est une marque d\u00e9pos\u00e9e, le concept reste significatif, puissant et fid\u00e8le aux pr\u00e9ceptes de son auteur.<\/p>\n","protected":false},"excerpt":{"rendered":"<p>Living Foods Lifestyle (LFL) \u00ae Le paragraphe suivant est tir\u00e9 d&rsquo;une lettre \u00e9crite par la Dr Ann Wigmore pour accueillir nos nouveaux \u00e9tudiants: &nbsp; \u00ab\u00a0Salutations cordiales \u00e0 nos \u00e9tudiants: &nbsp; Bienvenue dans notre centre de r\u00e9tablissement de la sant\u00e9. Vous serez bient\u00f4t initi\u00e9 \u00e0 un nouveau style de vie, probablement tr\u00e8s diff\u00e9rent de ce que&#8230;<\/p>\n","protected":false},"author":1,"featured_media":0,"parent":0,"menu_order":50,"comment_status":"closed","ping_status":"closed","template":"full-width-page.php","meta":{"footnotes":""},"yoast_head":"<!-- This site is optimized with the Yoast SEO plugin v18.9 - https:\/\/yoast.com\/wordpress\/plugins\/seo\/ -->\n<title>Live Foods Lifestyle - Vitam&#039;Inn : D\u00e9tox &amp; Ressourcement<\/title>\n<meta name=\"robots\" content=\"index, follow, max-snippet:-1, max-image-preview:large, max-video-preview:-1\" \/>\n<link rel=\"canonical\" href=\"http:\/\/annwigmore.fr\/vitaminncures\/live-foods-lifestyle\/\" \/>\n<meta property=\"og:locale\" content=\"fr_FR\" \/>\n<meta property=\"og:type\" content=\"article\" \/>\n<meta property=\"og:title\" content=\"Live Foods Lifestyle - Vitam&#039;Inn : D\u00e9tox &amp; Ressourcement\" \/>\n<meta property=\"og:description\" content=\"Living Foods Lifestyle (LFL) \u00ae Le paragraphe suivant est tir\u00e9 d&rsquo;une lettre \u00e9crite par la Dr Ann Wigmore pour accueillir nos nouveaux \u00e9tudiants: &nbsp; \u00ab\u00a0Salutations cordiales \u00e0 nos \u00e9tudiants: &nbsp; Bienvenue dans notre centre de r\u00e9tablissement de la sant\u00e9. Vous serez bient\u00f4t initi\u00e9 \u00e0 un nouveau style de vie, probablement tr\u00e8s diff\u00e9rent de ce que...\" \/>\n<meta property=\"og:url\" content=\"http:\/\/annwigmore.fr\/vitaminncures\/live-foods-lifestyle\/\" \/>\n<meta property=\"og:site_name\" content=\"Vitam&#039;Inn : D\u00e9tox &amp; Ressourcement\" \/>\n<meta property=\"article:modified_time\" content=\"2017-03-19T16:23:53+00:00\" \/>\n<meta name=\"twitter:card\" content=\"summary\" \/>\n<meta name=\"twitter:label1\" content=\"Dur\u00e9e de lecture estim\u00e9e\" \/>\n\t<meta name=\"twitter:data1\" content=\"3 minutes\" \/>\n<script type=\"application\/ld+json\" class=\"yoast-schema-graph\">{\"@context\":\"https:\/\/schema.org\",\"@graph\":[{\"@type\":\"WebSite\",\"@id\":\"http:\/\/annwigmore.fr\/vitaminncures\/#website\",\"url\":\"http:\/\/annwigmore.fr\/vitaminncures\/\",\"name\":\"Vitam&#039;Inn : D\u00e9tox &amp; Ressourcement\",\"description\":\"Cures, Vacances et Formations\",\"potentialAction\":[{\"@type\":\"SearchAction\",\"target\":{\"@type\":\"EntryPoint\",\"urlTemplate\":\"http:\/\/annwigmore.fr\/vitaminncures\/?s={search_term_string}\"},\"query-input\":\"required name=search_term_string\"}],\"inLanguage\":\"fr-FR\"},{\"@type\":\"WebPage\",\"@id\":\"http:\/\/annwigmore.fr\/vitaminncures\/live-foods-lifestyle\/#webpage\",\"url\":\"http:\/\/annwigmore.fr\/vitaminncures\/live-foods-lifestyle\/\",\"name\":\"Live Foods Lifestyle - Vitam&#039;Inn : D\u00e9tox &amp; Ressourcement\",\"isPartOf\":{\"@id\":\"http:\/\/annwigmore.fr\/vitaminncures\/#website\"},\"datePublished\":\"2017-01-16T00:47:16+00:00\",\"dateModified\":\"2017-03-19T16:23:53+00:00\",\"breadcrumb\":{\"@id\":\"http:\/\/annwigmore.fr\/vitaminncures\/live-foods-lifestyle\/#breadcrumb\"},\"inLanguage\":\"fr-FR\",\"potentialAction\":[{\"@type\":\"ReadAction\",\"target\":[\"http:\/\/annwigmore.fr\/vitaminncures\/live-foods-lifestyle\/\"]}]},{\"@type\":\"BreadcrumbList\",\"@id\":\"http:\/\/annwigmore.fr\/vitaminncures\/live-foods-lifestyle\/#breadcrumb\",\"itemListElement\":[{\"@type\":\"ListItem\",\"position\":1,\"name\":\"Accueil\",\"item\":\"http:\/\/annwigmore.fr\/vitaminncures\/\"},{\"@type\":\"ListItem\",\"position\":2,\"name\":\"Live Foods Lifestyle\"}]}]}<\/script>\n<!-- \/ Yoast SEO plugin. -->","yoast_head_json":{"title":"Live Foods Lifestyle - Vitam&#039;Inn : D\u00e9tox &amp; Ressourcement","robots":{"index":"index","follow":"follow","max-snippet":"max-snippet:-1","max-image-preview":"max-image-preview:large","max-video-preview":"max-video-preview:-1"},"canonical":"http:\/\/annwigmore.fr\/vitaminncures\/live-foods-lifestyle\/","og_locale":"fr_FR","og_type":"article","og_title":"Live Foods Lifestyle - Vitam&#039;Inn : D\u00e9tox &amp; Ressourcement","og_description":"Living Foods Lifestyle (LFL) \u00ae Le paragraphe suivant est tir\u00e9 d&rsquo;une lettre \u00e9crite par la Dr Ann Wigmore pour accueillir nos nouveaux \u00e9tudiants: &nbsp; \u00ab\u00a0Salutations cordiales \u00e0 nos \u00e9tudiants: &nbsp; Bienvenue dans notre centre de r\u00e9tablissement de la sant\u00e9. Vous serez bient\u00f4t initi\u00e9 \u00e0 un nouveau style de vie, probablement tr\u00e8s diff\u00e9rent de ce que...","og_url":"http:\/\/annwigmore.fr\/vitaminncures\/live-foods-lifestyle\/","og_site_name":"Vitam&#039;Inn : D\u00e9tox &amp; Ressourcement","article_modified_time":"2017-03-19T16:23:53+00:00","twitter_card":"summary","twitter_misc":{"Dur\u00e9e de lecture estim\u00e9e":"3 minutes"},"schema":{"@context":"https:\/\/schema.org","@graph":[{"@type":"WebSite","@id":"http:\/\/annwigmore.fr\/vitaminncures\/#website","url":"http:\/\/annwigmore.fr\/vitaminncures\/","name":"Vitam&#039;Inn : D\u00e9tox &amp; Ressourcement","description":"Cures, Vacances et Formations","potentialAction":[{"@type":"SearchAction","target":{"@type":"EntryPoint","urlTemplate":"http:\/\/annwigmore.fr\/vitaminncures\/?s={search_term_string}"},"query-input":"required name=search_term_string"}],"inLanguage":"fr-FR"},{"@type":"WebPage","@id":"http:\/\/annwigmore.fr\/vitaminncures\/live-foods-lifestyle\/#webpage","url":"http:\/\/annwigmore.fr\/vitaminncures\/live-foods-lifestyle\/","name":"Live Foods Lifestyle - Vitam&#039;Inn : D\u00e9tox &amp; Ressourcement","isPartOf":{"@id":"http:\/\/annwigmore.fr\/vitaminncures\/#website"},"datePublished":"2017-01-16T00:47:16+00:00","dateModified":"2017-03-19T16:23:53+00:00","breadcrumb":{"@id":"http:\/\/annwigmore.fr\/vitaminncures\/live-foods-lifestyle\/#breadcrumb"},"inLanguage":"fr-FR","potentialAction":[{"@type":"ReadAction","target":["http:\/\/annwigmore.fr\/vitaminncures\/live-foods-lifestyle\/"]}]},{"@type":"BreadcrumbList","@id":"http:\/\/annwigmore.fr\/vitaminncures\/live-foods-lifestyle\/#breadcrumb","itemListElement":[{"@type":"ListItem","position":1,"name":"Accueil","item":"http:\/\/annwigmore.fr\/vitaminncures\/"},{"@type":"ListItem","position":2,"name":"Live Foods Lifestyle"}]}]}},"_links":{"self":[{"href":"http:\/\/annwigmore.fr\/vitaminncures\/wp-json\/wp\/v2\/pages\/998"}],"collection":[{"href":"http:\/\/annwigmore.fr\/vitaminncures\/wp-json\/wp\/v2\/pages"}],"about":[{"href":"http:\/\/annwigmore.fr\/vitaminncures\/wp-json\/wp\/v2\/types\/page"}],"author":[{"embeddable":true,"href":"http:\/\/annwigmore.fr\/vitaminncures\/wp-json\/wp\/v2\/users\/1"}],"replies":[{"embeddable":true,"href":"http:\/\/annwigmore.fr\/vitaminncures\/wp-json\/wp\/v2\/comments?post=998"}],"version-history":[{"count":2,"href":"http:\/\/annwigmore.fr\/vitaminncures\/wp-json\/wp\/v2\/pages\/998\/revisions"}],"predecessor-version":[{"id":1061,"href":"http:\/\/annwigmore.fr\/vitaminncures\/wp-json\/wp\/v2\/pages\/998\/revisions\/1061"}],"wp:attachment":[{"href":"http:\/\/annwigmore.fr\/vitaminncures\/wp-json\/wp\/v2\/media?parent=998"}],"curies":[{"name":"wp","href":"https:\/\/api.w.org\/{rel}","templated":true}]}}