{"id":926,"date":"2017-02-26T10:56:54","date_gmt":"2017-02-26T09:56:54","guid":{"rendered":"http:\/\/annwigmore.fr\/vitaminn201702\/?page_id=926"},"modified":"2026-02-22T15:36:38","modified_gmt":"2026-02-22T14:36:38","slug":"les-cures-2","status":"publish","type":"page","link":"https:\/\/annwigmore.fr\/vitaminncures\/les-cures-2\/","title":{"rendered":"Les cures"},"content":{"rendered":"\n\n\t<h1>\ud83c\udf3f\u2728\u00a0<strong>Les stages, cures de ressourcement &amp; de d\u00e9tox,\u202fet formations propos\u00e9es par Vitam&rsquo;Inn<\/strong>\u00a0\ud83c\udf31<\/h1>\n\t<h1><strong>\ud83c\udf38\ud83c\udf3b Les Cures \ud83c\udf3c\u2600\ufe0f<\/strong><\/h1>\n<p>&nbsp;<\/p>\n\t<h2><strong>\ud83c\udf1e S\u00e9jours D\u00e9tox &#8211; Sud de la France<\/strong><\/h2>\n<h3>\u2728 Ce que nous proposons<\/h3>\n<ul>\n<li><strong>Cures D\u00e9tox<\/strong>\u00a0bas\u00e9es sur les principes de\u00a0<strong>l&rsquo;alimentation vivante<\/strong><\/li>\n<li><strong>Lieu<\/strong>\u202f: sous le soleil du\u00a0<strong>Gard<\/strong><\/li>\n<\/ul>\n<h3>\ud83d\udc65 Organisation des groupes<\/h3>\n<ul>\n<li>Les groupes seront\u00a0<strong>ajust\u00e9s ou regroup\u00e9s<\/strong>\u00a0en fonction du nombre d&rsquo;inscriptions<\/li>\n<li><strong>Minimum requis<\/strong>\u202f:\u00a0<strong>5 participants<\/strong><\/li>\n<\/ul>\n<ul>\n\n<\/ul>\n<p>\ud83c\udfe1\u00a0<strong>S\u00e9jour sur place<\/strong>\u202f: possibilit\u00e9 de rester et profiter du cadre.<\/p>\n<p>&nbsp;<\/p>\n\t\n<h2><strong>2026<\/strong><\/h2>\n<h3><strong>Tous les 2\u00e8mes dimanche du mois<\/strong><\/h3>\n<h3><strong>Dates des cures d\u00e9tox :\u00a0<\/strong><\/h3>\n<h3>\ud83d\udcc5 10 au 14 mai<\/h3>\n<h3>\ud83d\udcc5 14 au 18 juin<\/h3>\n<h3>\ud83d\udcc5 12 au 16 juillet<\/h3>\n<h3>\ud83d\udcc5 9 au 13 ao\u00fbt<\/h3>\n<h3>\ud83d\udcc5 13 au 17 septembre<\/h3>\n<h3>\ud83d\udcc5 11 au 15 octobre<\/h3>\n<p>&nbsp;<\/p>\n<p>\ud83d\udcde\u00a0<strong>Contact<\/strong>\u202f: n&rsquo;h\u00e9sitez pas \u00e0 me joindre pour plus d&rsquo;informations ou pour personnaliser votre exp\u00e9rience.<\/p>\n<h2><strong>\u2728 Programme Cure D\u00e9tox &#8211; Tarifs &amp; Options \u2728<\/strong><\/h2>\n<p>\ud83d\udcb0\u00a0<strong>Cure compl\u00e8te : 1\u202f430\u202f\u20ac<\/strong>\u2003\u2795\u00a0<strong>Journ\u00e9e(s) suppl\u00e9mentaire(s) : 180\u202f\u20ac chacune<\/strong><\/p>\n<p>\ud83c\udf3f\u00a0<strong>Offre \u00ab\u202fLa Vie Apr\u00e8s la D\u00e9tox\u202f\u00bb (1\u20112 jours, sur demande)<\/strong><\/p>\n<ul>\n<li>\ud83c\udf4e\u00a0<strong>Petit\u2011d\u00e9jeuner<\/strong>\u202f: buffet \u00e9quilibr\u00e9<\/li>\n<li>\ud83c\udf47\u00a0<strong>D\u00e9jeuner<\/strong>\u202f: menu sain et gourmand<\/li>\n<li>\ud83c\udf53\u00a0<strong>D\u00eener<\/strong>\u202f: repas l\u00e9ger<\/li>\n<\/ul>\n<p>&nbsp;<\/p>\n<p><a href=\"tel:0768373452\">M&rsquo;inscrire par t\u00e9l\u00e9phone<\/a><\/p>\n\n<p>&nbsp;<\/p>\n<h2><strong>\ud83c\udf31 Cure D\u00e9tox \u00e0 Domicile &#8211; Sur Mesure<\/strong><\/h2>\n<p><strong>\ud83d\udc69\u200d\ud83c\udf73 Cheffe \u00e0 domicile<\/strong><\/p>\n<ul>\n<li>Service personnalis\u00e9 directement chez vous<\/li>\n<li><strong>Minimum : 3 personnes<\/strong><\/li>\n<\/ul>\n<p><strong>\ud83d\udcde Contact<\/strong><\/p>\n<ul>\n<li>Merci de me joindre par t\u00e9l\u00e9phone pour organiser votre cure et discuter des d\u00e9tails.<\/li>\n<\/ul>\n\t<h2><strong>\ud83d\udcb6 Prix<\/strong><\/h2>\n<ul>\n<li><strong>Sur demande<\/strong>\u00a0&#8211; contactez\u2011moi pour obtenir un devis adapt\u00e9 \u00e0 votre groupe.<\/li>\n<\/ul>\n<p>&nbsp;<\/p>\n<p><a href=\"tel:0768373452\">M&rsquo;inscrire par t\u00e9l\u00e9phone<\/a><\/p>\n<p>&nbsp;<\/p>\n\t<h1 data-start=\"105\" data-end=\"151\">\ud83c\udf38 <strong>Les journ\u00e9es d\u00e9couvertes \u00e0 l&rsquo;Alimentation Vivante<\/strong><\/h1>\n\t<h2>\ud83c\udf3f Journ\u00e9es d\u00e9couverte \u00e0 l&rsquo;Alimentation Vivante<\/h2>\n<p>D\u00e9couvrez nos ateliers th\u00e9matiques autour de l&rsquo;alimentation vivante\u202f: d\u00e9monstrations, d\u00e9gustations et repas selon un th\u00e8me pr\u00e9cis chaque mois.<\/p>\n<h3>\ud83d\udcc5 Dimanche 29\u202fmars &#8211; \ud83e\udd6cLa lacto\u2011fermentation<\/h3>\n<h3>\ud83d\udcc5 Dimanche 26\u202favril &#8211; \ud83e\udd57\u00a0 Entr\u00e9es salades &amp; sauces<\/h3>\n<h3>\ud83d\udcc5 Dimanche 31\u202fmai &#8211; \ud83c\udf53 Petit\u2011d\u00e9jeuners &amp; ol\u00e9agineux<\/h3>\n\t<p><strong>\ud83e\udd1d Pour offrir la meilleure exp\u00e9rience possible, les groupes pourront \u00eatre ajust\u00e9s ou regroup\u00e9s selon le nombre d&rsquo;inscriptions.(Minimum 5 participants).<\/strong><\/p>\n<h3>\ud83d\udcc5Dimanche 28\u202fJuin &#8211; \ud83c\udf31 La germination<\/h3>\n<h3>\ud83d\udcc5 Dimanche 27 Septembre -\ud83e\udd57\u00a0Les plats<\/h3>\n<h3>\ud83d\udcc5 Dimanche 25\u202foctobre &#8211; \ud83e\udd59 Les mises en bouche cr\u00e9atives<\/h3>\n<h3>\ud83d\udcc5 Dimanche 29 novembre &#8211; \ud83c\udf70 Les desserts<\/h3>\n\t<p>&nbsp;<\/p>\n<p><a href=\"tel:0768373452\">M&rsquo;inscrire par t\u00e9l\u00e9phone<\/a><\/p>\n<p><strong>\u23f0 Horaires &amp; Tarif<\/strong><\/p>\n<ul>\n<li><strong>10\u202fh\u202f-\u202f14\u202fh<\/strong>\u00a0:\u00a0<strong>95\u202f\u20ac<\/strong><\/li>\n<\/ul>\n<strong>\ud83d\udcde Contact<\/strong><br \/>\nN&rsquo;h\u00e9sitez pas \u00e0 me joindre pour plus d&rsquo;informations.\n\n\n<p>&nbsp;<\/p>\n\t<h1 data-start=\"105\" data-end=\"151\">\ud83c\udf38 <strong>Journ\u00e9e Bien-\u00catre :\u00a0Un Temps Pour SOI<\/strong><\/h1>\n\t<p>&nbsp;<\/p>\n<h2>\ud83d\udc96<strong> Bien\u2011\u00eatre &amp; temps pour soi<\/strong><\/h2>\n<p>Faites une pause et laissez\u2011vous guider le temps d&rsquo;une journ\u00e9e, venez vous relaxer et vous connecter \u00e0 votre \u00catre.<\/p>\n<ul>\n<li>\ud83d\udd25 Sauna infrarouge<\/li>\n<li>\ud83d\udca8 Bol d&rsquo;air Jacquier<\/li>\n<li>\ud83e\uddd6\u200d\u2640\ufe0f Acc\u00e8s au sauna<\/li>\n<li>\ud83c\udfca\u200d\u2642\ufe0f Acc\u00e8s \u00e0 la piscine<\/li>\n<\/ul>\n\t<h2><strong>\ud83c\udf1f Journ\u00e9e d&rsquo;Exception &#8211; Bien\u2011\u00catre<\/strong><\/h2>\n<h3>\u2728 Faites une pause<\/h3>\n<p>Profitez d&rsquo;une journ\u00e9e compl\u00e8te d\u00e9di\u00e9e \u00e0 votre d\u00e9tente et \u00e0 votre sant\u00e9.<\/p>\n<p><strong>\ud83d\uddd2\ufe0f Inclus dans toutes les journ\u00e9es et s\u00e9jours<\/strong><\/p>\n<ul>\n<li>\ud83c\udf7d\ufe0f Tous les repas (petit\u2011d\u00e9jeuner, d\u00e9jeuner, d\u00eener)<\/li>\n<li>\ud83d\udd2e M\u00e9ditation partag\u00e9e autour de l&rsquo;oracle du jour<\/li>\n<li>\ud83e\uddf4 Confection de cr\u00e8me d&rsquo;amour bio pour le corps<\/li>\n<\/ul>\n\t<h2><strong>\ud83d\udcb0 Tarif journalier<\/strong><\/h2>\n<ul>\n<li><strong>180\u202f\u20ac \/ jour<\/strong><\/li>\n<\/ul>\n<p><strong>\ud83d\udc65 Capacit\u00e9 maximale<\/strong><\/p>\n<ul>\n<li><strong>6 participants<\/strong><\/li>\n<\/ul>\n<p><strong>\ud83d\udcde Besoin de plus d&rsquo;infos\u202f?<\/strong><\/p>\n<p><a href=\"https:\/\/annwigmore.fr\/vitaminncures\/journee-bien-etre\/\">Plus d&rsquo;infos<\/a><\/p>\n<p><a href=\"tel:0768373452\">M&rsquo;inscrire par t\u00e9l\u00e9phone<\/a><\/p>\n\n<p>&nbsp;<\/p>\n\t\n<h1>\u2728 <strong>Formations \u00e0 l&rsquo;Alimentation Vivante de l&rsquo;Institut Ann Wigmore de Porto Rico<\/strong>\u2728<\/h1>\n\t<h3><strong>Formation certifi\u00e9e<\/strong><br \/>\n<strong> \u00e0 Porto-Rico<\/strong><\/h3>\n<strong>Sous le soleil des Cara\u00efbes,<\/strong><br \/>\n<strong>venez couper l&rsquo;hiver<\/strong><br \/>\n<strong>pendant 3 semaines.<\/strong><br \/>\n<strong>En Anglais avec traduction simultan\u00e9e en fran\u00e7ais<\/strong>\n\n\t\t\t\t<img decoding=\"async\" src=\"http:\/\/annwigmore.fr\/vitaminncures\/wp-content\/uploads\/sites\/7\/2017\/02\/Carte-Porto-rico-AWI.png\" alt=\"Carte-Porto-rico-AWI\" itemprop=\"image\" title=\"Carte-Porto-rico-AWI\" onerror=\"this.style.display='none'\"  \/>\n\t<h3><strong>En hiver :<\/strong><br \/>\n<strong> pendant 3 semaines\u00a0<\/strong><\/h3>\n<p><strong>\u00a02027<\/strong><\/p>\n\t<p><a href=\"https:\/\/annwigmore.fr\/vitaminncures\/formations-ann-wigmore\/\">Nous contacter pour plus d&rsquo;infos<\/a><\/p>\n<p><a href=\"tel:0768373452\">Inscription par t\u00e9l\u00e9phone<\/a><\/p>\n<p><strong>Formation, logement &amp; pension compl\u00e8te<\/strong><\/p>\n\t<h1><strong>\ud83c\udfd6\ufe0f\u00a0 Le Lieu du s\u00e9jour \u2600\ufe0f<\/strong><\/h1>\n<p>&nbsp;<\/p>\n\t<h2><strong>Sud de la France<\/strong><\/h2>\n<p>Patricia vous propose de la rejoindre \u00e0 Vers-Pont-du-Gard, Entre Avignon et N\u00eemes, tout pr\u00e8s d&rsquo;Uzes<\/p>\n<p>&nbsp;<\/p>\n<p><a href=\"https:\/\/annwigmore.fr\/vitaminncures\/detox-a-vers-pont-du-gard\/\">Plus d&rsquo;infos<\/a><\/p>\n<h3>Y sont organis\u00e9s :<\/h3>\n<p>&#8211; Des s\u00e9jours \u00ab\u00a0D\u00e9tox\u00a0\u00bb suivant l&rsquo;agenda et \u00e0 la demande<\/p>\n\n\t\t\t\t<img decoding=\"async\" src=\"http:\/\/annwigmore.fr\/vitaminncures\/wp-content\/uploads\/sites\/4\/2017\/01\/Vers-Pont-du-Gard.jpg\" alt=\"Vers-Pont-du-Gard\" itemprop=\"image\" title=\"Vers-Pont-du-Gard\" onerror=\"this.style.display='none'\"  \/>\n\n","protected":false},"excerpt":{"rendered":"<p>\ud83c\udf3f\u2728\u00a0Les stages, cures de ressourcement &amp; de d\u00e9tox,\u202fet formations propos\u00e9es par Vitam&rsquo;Inn\u00a0\ud83c\udf31 \ud83c\udf38\ud83c\udf3b Les Cures \ud83c\udf3c\u2600\ufe0f &nbsp; \ud83c\udf1e S\u00e9jours D\u00e9tox &#8211; Sud de la France \u2728 Ce que nous proposons Cures D\u00e9tox\u00a0bas\u00e9es sur les principes de\u00a0l&rsquo;alimentation vivante Lieu\u202f: sous le soleil du\u00a0Gard \ud83d\udc65 Organisation des groupes Les groupes seront\u00a0ajust\u00e9s ou regroup\u00e9s\u00a0en fonction du nombre d&rsquo;inscriptions&#8230;<\/p>\n","protected":false},"author":1,"featured_media":0,"parent":0,"menu_order":0,"comment_status":"closed","ping_status":"closed","template":"full-width-page.php","meta":{"footnotes":""},"yoast_head":"<!-- This site is optimized with the Yoast SEO plugin v18.9 - https:\/\/yoast.com\/wordpress\/plugins\/seo\/ -->\n<title>Les cures - Vitam&#039;Inn : D\u00e9tox &amp; Ressourcement<\/title>\n<meta name=\"robots\" content=\"index, follow, max-snippet:-1, max-image-preview:large, max-video-preview:-1\" \/>\n<link rel=\"canonical\" href=\"https:\/\/annwigmore.fr\/vitaminncures\/les-cures-2\/\" \/>\n<meta property=\"og:locale\" content=\"fr_FR\" \/>\n<meta property=\"og:type\" content=\"article\" \/>\n<meta property=\"og:title\" content=\"Les cures - Vitam&#039;Inn : D\u00e9tox &amp; Ressourcement\" \/>\n<meta property=\"og:description\" content=\"\ud83c\udf3f\u2728\u00a0Les stages, cures de ressourcement &amp; de d\u00e9tox,\u202fet formations propos\u00e9es par Vitam&rsquo;Inn\u00a0\ud83c\udf31 \ud83c\udf38\ud83c\udf3b Les Cures \ud83c\udf3c\u2600\ufe0f &nbsp; \ud83c\udf1e S\u00e9jours D\u00e9tox &#8211; Sud de la France \u2728 Ce que nous proposons Cures D\u00e9tox\u00a0bas\u00e9es sur les principes de\u00a0l&rsquo;alimentation vivante Lieu\u202f: sous le soleil du\u00a0Gard \ud83d\udc65 Organisation des groupes Les groupes seront\u00a0ajust\u00e9s ou regroup\u00e9s\u00a0en fonction du nombre d&rsquo;inscriptions...\" \/>\n<meta property=\"og:url\" content=\"https:\/\/annwigmore.fr\/vitaminncures\/les-cures-2\/\" \/>\n<meta property=\"og:site_name\" content=\"Vitam&#039;Inn : D\u00e9tox &amp; Ressourcement\" \/>\n<meta property=\"article:modified_time\" content=\"2026-02-22T14:36:38+00:00\" \/>\n<meta property=\"og:image\" content=\"http:\/\/annwigmore.fr\/vitaminncures\/wp-content\/uploads\/sites\/7\/2017\/02\/Carte-Porto-rico-AWI.png\" \/>\n<meta name=\"twitter:card\" content=\"summary\" \/>\n<meta name=\"twitter:label1\" content=\"Dur\u00e9e de lecture estim\u00e9e\" \/>\n\t<meta name=\"twitter:data1\" content=\"3 minutes\" \/>\n<script type=\"application\/ld+json\" class=\"yoast-schema-graph\">{\"@context\":\"https:\/\/schema.org\",\"@graph\":[{\"@type\":\"WebSite\",\"@id\":\"http:\/\/annwigmore.fr\/vitaminncures\/#website\",\"url\":\"http:\/\/annwigmore.fr\/vitaminncures\/\",\"name\":\"Vitam&#039;Inn : D\u00e9tox &amp; Ressourcement\",\"description\":\"Cures, Vacances et Formations\",\"potentialAction\":[{\"@type\":\"SearchAction\",\"target\":{\"@type\":\"EntryPoint\",\"urlTemplate\":\"http:\/\/annwigmore.fr\/vitaminncures\/?s={search_term_string}\"},\"query-input\":\"required name=search_term_string\"}],\"inLanguage\":\"fr-FR\"},{\"@type\":\"ImageObject\",\"inLanguage\":\"fr-FR\",\"@id\":\"https:\/\/annwigmore.fr\/vitaminncures\/les-cures-2\/#primaryimage\",\"url\":\"https:\/\/annwigmore.fr\/vitaminncures\/wp-content\/uploads\/sites\/7\/2017\/02\/Carte-Porto-rico-AWI.png\",\"contentUrl\":\"https:\/\/annwigmore.fr\/vitaminncures\/wp-content\/uploads\/sites\/7\/2017\/02\/Carte-Porto-rico-AWI.png\",\"width\":300,\"height\":95},{\"@type\":\"WebPage\",\"@id\":\"https:\/\/annwigmore.fr\/vitaminncures\/les-cures-2\/#webpage\",\"url\":\"https:\/\/annwigmore.fr\/vitaminncures\/les-cures-2\/\",\"name\":\"Les cures - Vitam&#039;Inn : D\u00e9tox &amp; Ressourcement\",\"isPartOf\":{\"@id\":\"http:\/\/annwigmore.fr\/vitaminncures\/#website\"},\"primaryImageOfPage\":{\"@id\":\"https:\/\/annwigmore.fr\/vitaminncures\/les-cures-2\/#primaryimage\"},\"datePublished\":\"2017-02-26T09:56:54+00:00\",\"dateModified\":\"2026-02-22T14:36:38+00:00\",\"breadcrumb\":{\"@id\":\"https:\/\/annwigmore.fr\/vitaminncures\/les-cures-2\/#breadcrumb\"},\"inLanguage\":\"fr-FR\",\"potentialAction\":[{\"@type\":\"ReadAction\",\"target\":[\"https:\/\/annwigmore.fr\/vitaminncures\/les-cures-2\/\"]}]},{\"@type\":\"BreadcrumbList\",\"@id\":\"https:\/\/annwigmore.fr\/vitaminncures\/les-cures-2\/#breadcrumb\",\"itemListElement\":[{\"@type\":\"ListItem\",\"position\":1,\"name\":\"Accueil\",\"item\":\"http:\/\/annwigmore.fr\/vitaminncures\/\"},{\"@type\":\"ListItem\",\"position\":2,\"name\":\"Les cures\"}]}]}<\/script>\n<!-- \/ Yoast SEO plugin. -->","yoast_head_json":{"title":"Les cures - Vitam&#039;Inn : D\u00e9tox &amp; Ressourcement","robots":{"index":"index","follow":"follow","max-snippet":"max-snippet:-1","max-image-preview":"max-image-preview:large","max-video-preview":"max-video-preview:-1"},"canonical":"https:\/\/annwigmore.fr\/vitaminncures\/les-cures-2\/","og_locale":"fr_FR","og_type":"article","og_title":"Les cures - Vitam&#039;Inn : D\u00e9tox &amp; Ressourcement","og_description":"\ud83c\udf3f\u2728\u00a0Les stages, cures de ressourcement &amp; de d\u00e9tox,\u202fet formations propos\u00e9es par Vitam&rsquo;Inn\u00a0\ud83c\udf31 \ud83c\udf38\ud83c\udf3b Les Cures \ud83c\udf3c\u2600\ufe0f &nbsp; \ud83c\udf1e S\u00e9jours D\u00e9tox &#8211; Sud de la France \u2728 Ce que nous proposons Cures D\u00e9tox\u00a0bas\u00e9es sur les principes de\u00a0l&rsquo;alimentation vivante Lieu\u202f: sous le soleil du\u00a0Gard \ud83d\udc65 Organisation des groupes Les groupes seront\u00a0ajust\u00e9s ou regroup\u00e9s\u00a0en fonction du nombre d&rsquo;inscriptions...","og_url":"https:\/\/annwigmore.fr\/vitaminncures\/les-cures-2\/","og_site_name":"Vitam&#039;Inn : D\u00e9tox &amp; Ressourcement","article_modified_time":"2026-02-22T14:36:38+00:00","og_image":[{"url":"http:\/\/annwigmore.fr\/vitaminncures\/wp-content\/uploads\/sites\/7\/2017\/02\/Carte-Porto-rico-AWI.png"}],"twitter_card":"summary","twitter_misc":{"Dur\u00e9e de lecture estim\u00e9e":"3 minutes"},"schema":{"@context":"https:\/\/schema.org","@graph":[{"@type":"WebSite","@id":"http:\/\/annwigmore.fr\/vitaminncures\/#website","url":"http:\/\/annwigmore.fr\/vitaminncures\/","name":"Vitam&#039;Inn : D\u00e9tox &amp; Ressourcement","description":"Cures, Vacances et Formations","potentialAction":[{"@type":"SearchAction","target":{"@type":"EntryPoint","urlTemplate":"http:\/\/annwigmore.fr\/vitaminncures\/?s={search_term_string}"},"query-input":"required name=search_term_string"}],"inLanguage":"fr-FR"},{"@type":"ImageObject","inLanguage":"fr-FR","@id":"https:\/\/annwigmore.fr\/vitaminncures\/les-cures-2\/#primaryimage","url":"https:\/\/annwigmore.fr\/vitaminncures\/wp-content\/uploads\/sites\/7\/2017\/02\/Carte-Porto-rico-AWI.png","contentUrl":"https:\/\/annwigmore.fr\/vitaminncures\/wp-content\/uploads\/sites\/7\/2017\/02\/Carte-Porto-rico-AWI.png","width":300,"height":95},{"@type":"WebPage","@id":"https:\/\/annwigmore.fr\/vitaminncures\/les-cures-2\/#webpage","url":"https:\/\/annwigmore.fr\/vitaminncures\/les-cures-2\/","name":"Les cures - Vitam&#039;Inn : D\u00e9tox &amp; Ressourcement","isPartOf":{"@id":"http:\/\/annwigmore.fr\/vitaminncures\/#website"},"primaryImageOfPage":{"@id":"https:\/\/annwigmore.fr\/vitaminncures\/les-cures-2\/#primaryimage"},"datePublished":"2017-02-26T09:56:54+00:00","dateModified":"2026-02-22T14:36:38+00:00","breadcrumb":{"@id":"https:\/\/annwigmore.fr\/vitaminncures\/les-cures-2\/#breadcrumb"},"inLanguage":"fr-FR","potentialAction":[{"@type":"ReadAction","target":["https:\/\/annwigmore.fr\/vitaminncures\/les-cures-2\/"]}]},{"@type":"BreadcrumbList","@id":"https:\/\/annwigmore.fr\/vitaminncures\/les-cures-2\/#breadcrumb","itemListElement":[{"@type":"ListItem","position":1,"name":"Accueil","item":"http:\/\/annwigmore.fr\/vitaminncures\/"},{"@type":"ListItem","position":2,"name":"Les cures"}]}]}},"_links":{"self":[{"href":"https:\/\/annwigmore.fr\/vitaminncures\/wp-json\/wp\/v2\/pages\/926"}],"collection":[{"href":"https:\/\/annwigmore.fr\/vitaminncures\/wp-json\/wp\/v2\/pages"}],"about":[{"href":"https:\/\/annwigmore.fr\/vitaminncures\/wp-json\/wp\/v2\/types\/page"}],"author":[{"embeddable":true,"href":"https:\/\/annwigmore.fr\/vitaminncures\/wp-json\/wp\/v2\/users\/1"}],"replies":[{"embeddable":true,"href":"https:\/\/annwigmore.fr\/vitaminncures\/wp-json\/wp\/v2\/comments?post=926"}],"version-history":[{"count":80,"href":"https:\/\/annwigmore.fr\/vitaminncures\/wp-json\/wp\/v2\/pages\/926\/revisions"}],"predecessor-version":[{"id":2278,"href":"https:\/\/annwigmore.fr\/vitaminncures\/wp-json\/wp\/v2\/pages\/926\/revisions\/2278"}],"wp:attachment":[{"href":"https:\/\/annwigmore.fr\/vitaminncures\/wp-json\/wp\/v2\/media?parent=926"}],"curies":[{"name":"wp","href":"https:\/\/api.w.org\/{rel}","templated":true}]}}